+ -6 + (125 - 89)).
-32
What is the value of (-14 - (-18 + (-5 - 8))) + -23 + -6?
-12
(-2 - -9) + (1459 - 1434)
32
What is 54 + 4 + -140 - -8?
-74
0 + 14 - 5 - -5 - (-1 + -8 - 15)
38
Evaluate (37 - (26 - -24)) + (-1 - -10) - 5.
-9
Calculate -18 + 0 + (-6 - ((-2 - 1) + (4 - 10))).
-15
(-1 - (6 + -11)) + (-36 - (-4 - 2))
-26
What is the value of 48 + 13 + -30 + -35?
-4
Calculate 13 - 22 - (-102 + 45).
48
Evaluate 2 + (269 + -264 - ((18 - -2) + -2)).
-11
What is the value of 5 + (-10 - (0 - 1)) + -8 - (-3 - -120)?
-129
Evaluate 701 + -731 + 14 + (-3 - -5 - 7).
-21
What is -3 + -1 - (42 + -10 + -28) - -45?
37
Evaluate 0 + 34 - -2 - (2156 - 2041).
-79
What is the value of 3 - (-9 - 2) - ((6 - (10 - 33)) + 73)?
-88
-15 + (81 - (13 + 20))
33
What is -28 - (0 + 2 + 304 + -297 - 14)?
-23
Calculate 8 + (285 - 243) + -41 + 4.
13
-357 + 322 + 11 + (0 - -4)
-20
Evaluate -61 + 14 + -8 + 45 + -13.
-23
What is -12 - (3 + 13) - -19 - -31?
22
What is (-3 - 10) + -4 + 2 + -21 + 10?
-26
(17 + -5 - -2) + (-20 - (21 + -25))
-2
Evaluate 3 + 0 + -4 + -9 + 242 + -206 + -3.
23
Evaluate -11 + 42 - -103 - 72.
62
-19 + 7 + 1 + 4 + 17 - (77 - 14)
-53
What is the value of 14 - (-84 + (40 - -22) + -41)?
77
30 + -42 + (42 - -7)
37
-101 + 16 + 35 + 70 + (42 - 0)
62
Calculate (-1 - 50 - (-53 + 54)) + (15 - 19).
-56
What is 35 + (-180 - -84) - (1 + -12)?
-50
What is (-4 - 0 - (15 - 14 - 7) - -61) + -12?
51
What is -37 - ((121 - 139) + 22 + 1)?
-42
Calculate -13 + (-13 - (-8 + -15 + 9)) + 14.
2
7848 + -7830 - ((8 - 8) + (0 - -12))
6
Evaluate -15 + 60 + (-31 - -38) + (1 - 19).
34
Evaluate -101 + 99 + (-14 - -16 - (24 + (1 - -2))).
-27
What is -43 + -5 + (39 - 8) + (-74 - -50)?
-41
24 + (-14 - (-62 - (0 + 14) - 23))
109
Evaluate -36 + 1 + -311 + (450 - 155).
-51
Calculate -1 + -18 - (-31 + 8 - (46 + -24)).
26
30 + (-44 + 90 - 134) + -44
-102
-46 + 30 + 0 + 9 + 30
23
(-9 + -5 - -8) + (-6 - (53 - (7 - 1)))
-59
Evaluate 6 - (55 + -62 - (2 + -14)).
1
Calculate (-3 - 23) + (108 - 30).
52
Calculate (3 - (1 + (-6 - (-5 - 6)))) + -51 + 9.
-45
-139 + 163 + (54 + -1 - -2)
79
What is -17 - (-7 - (-8 + 3 + 6)) - (-48 + -5)?
44
What is -2 + 3 + (-9 - 5) + 15?
2
Calculate 8 + 7 + (15 - 7) + (-9 - -21).
35
Evaluate 39 + 1 - (2 - (2 - 8) - (28 + -30)).
30
Calculate 151 - (-1 + 9 + 53 + 45 + -86).
131
What is the value of 12 + (-7 - (25 + (-3 - 26)))?
9
What is the value of -24 + -2 - (323 + -324) - 1?
-26
Calculate (1521 - 1548) + (-4 - -126).
95
Evaluate 25 + -14 - ((70 - (32 - 16)) + 5).
-48
What is the value of 281 - 168 - 136 - (-15 + -1)?
-7
30 - (7 + 12 + 10) - -126
127
Evaluate 10 - -11 - -63 - (-13 + 25 + 2).
70
Calculate -46 + -14 + (-30 - -14) - -5.
-71
Evaluate 0 + 4 + 26 + -273 + 279.
36
51 - -2 - -2 - (35319 - 35289)
25
What is -228 + 201 - (6 + -53)?
20
What is -10 - (14 + 1 - 6)?
-19
(1 - 5) + -92 + (-38 - -145)
11
Evaluate 103 + (-62 - 227 - -89).
-97
Evaluate 37 + -25 + 59 + -56.
15
Evaluate 525 + -502 + (-5 + -74 - -4).
-52
Calculate 12 + -34 + (16 - 113).
-119
Calculate -10 - (1 + -1) - (43 + (-142 - -99)) - -55.
45
Evaluate (7 - (-17 - -13)) + (-11 - 8) - -50.
42
What is 1 - 2 - (-88 + -6) - (218 + -204)?
79
Evaluate 4 - (-1 + (13 - 18) + (5 - (-5 - 1))).
-1
(-5 - (4 - -33)) + (688 - 706)
-60
Evaluate 1445 + -1431 + 55 + -2.
67
Calculate (5 - (-39 - (-32 + 5) - (-1 - 59))) + -9.
-52
What is the value of (2 - 0) + 16 + -10 + 4 + -3 - 9?
0
What is the value of (3 + 1 - (28 + (-38 - -1) - -10)) + -7?
-4
What is the value of (-110 - (-86 + -3)) + -66?
-87
22 - (-117 - -82 - -24)
33
What is 5 - 1 - -15 - (-2 + -57 + 21)?
57
46 - ((-58 - -170) + -121)
55
What is -32 - (-20 - 52 - 11)?
51
Calculate 16 + -37 + 59 + (1 - -10).
49
Evaluate -16 - (72 + (-47 + 19 - 10)).
-50
Calculate 77 + (-33 - (-62 + 1)) + -22.
83
Evaluate -6 + -2 - (-149 + (256 - 163)).
48
What is the value of -28 - (-10 - (-10 + 11 + -3 + -1) - 3)?
-18
-6 - 22 - -6 - (36 - 60)
2
Evaluate (1363 - 1319) + (-27 - 0) + 7.
24
What is -1042 + 1114 - (26 + 1)?
45
What is the value of (-215 - -197) + -13 + -10?
-41
Calculate 26 - (-315 + 331 + 2 + -20).
28
What is the value of 10 - 10 - -7 - 7 - (-21 + (-17 - -14))?
24
Calculate (-10 - -9) + 16 + 0 + 0 + -43.
-28
-32 + (134 + -147 - (-36 + 5))
-14
-60 + 52 + 3 + 34
29
What is 76 + -2 + (84 - (16 - -51))?
91
Calculate 12 + -39 + 0 + 26.
-1
What is 12 + 0 - (-41 + 35 + 4 - (-2 + -87))?
-75
(-64 - -142) + 25 - 132
-29
Evaluate 102 + (-50 - (26 + -27) - -16).
69
Calculate 12 + -6 - (-10 + 11) - (8 + -4 - -5).
-4
What is the value of (0 - 31) + 4 + 43 + -43?
-27
-2 + (-9 - -7 - -18) + (321 - 270)
65
What is the value of 828 + -833 + -4 + 1 + 101?
93
Evaluate 11 + 24 + -34 + 36 - 16.
21
Evaluate (-2 - -1) + -5 - (367 - 404) - -9.
40
What is -23 + 18 + -3 + -9 - -7 - 72?
-82
Calculate 22 + -10 - (-2 + (-13 - 14)).
41
Calculate 33 - 18 - (-11 + 13) - -40.
53
0 + 46 + (6 + -6 + -10 - 0)
36
Evaluate (72 + -2 - -32) + -71.
31
593 + -515 - (110 - 2)
-30
What is the value of 1 + 96 - (117 - (198 - 76) - (-2 + -4))?
96
What is 0 - (-1 - (2 + 13) - (-4 - (6 + -1)))?
7
What is -829 + 887 - (28 + 3)?
27
What is (18 + -4 - 0) + 12 + -17?
9
10 - (-2 + -3 + -25 + (-11 - -24))
27
-6 + -28 + -12 + 27 - -25
6
What is (-116 + 107 - 64) + (-2 - -8)?
-67
Evaluate 46 - 1 - (4654 + -4684) - (0 + 10).
65
What is the value of 1024 - 1060 - (-34 - -3)?
-5
What is (150 - 121 - (42 - 5)) + 14?
6
What is the value of -10 - -11 - -25 - (101 + -4)?
-71
What is the value of -3 + 0 + 1 + 1 + -1 + -5?
-7
What is the value of -92 + 47 - (1 + (18 - 7) + -6)?
-51
What is -16 - (-19 - (6 - -39))?
48
1 + -66 + (91 - 117) - 21
-112
32 - (67 + -39 + 65)
-61
33 + (-12 - (-2 + -1 + -11))
35
What is -14 + (-33 - -30) + -15?
-32
Evaluate 0 + -17 - ((-56 - (-70 + 9)) + 55).
-77
What is -18 + (41 - 21) + -2 - 20?
-20
What is the value of -53 - ((-4 + -18 - (-13 - 0)) + 1)?
-45
-133 + -25 + 73 + 2
-83
What is (-98 + -234 - -144) + 79?
-109
Calculate 1 + (46 - (3 - (-4 + 4 + 16))).
60
What is -302 + 372 + 1 + -141?
-70
What is 820 - 720 - (1 + 93)?
6
What is the value of 28 + -36 - (39 - 12 - 9)?
-26
What is the value of -9 - (-17 + 45 + (5 - 24))?
-18
164 + -58 + 41 + -79
68
Calculate -91 + -4 + (-56 - -108).
-43
Evaluate 93 + (4 - 89) + 84.
92
What is the value of -27 + (14 - -38) - 73?
-48
What is the value of -65 + -1 - (19571 - 19631)?
-6
What is (13 - 1 - -10 - 6) + -4 - (3 - 71)?
80
(-63 - -68) + (0 - -1) - (8 + 3 - 0)
-5
What is 18 + (1 - 33) - (16 + (1 - 1))?
-30
What is the value of (57 - 55) + (-13 - -101) + 10 + -11?
89
(61 - 63 - (3 + -5)) + 2 + -39
-37
What is the value of (6 - 4) + (42 - (0 + (-1 - -7)))?
38
What is (172 - 52 - 50) + -30?
40
What is the value of (2 - 1 - 21 - (-46 - (-32 + -9))) + 10?
-5
Calculate -92 + 88 + (1 + -1 - (-8 - -14 - -50)).
-60
What is the value of -7 + 2 - (56 - (67 + -16))?
-10
Calculate (24 - -49) + -31 - (2 - (-5 - (1 + -6))).
40
What is (43 + -40 - 41) + 52?
14
What is the value of -5 + -4 + (-26 - ((-1 - -2) + -42 + 50))?
-44
What is (-13 - -1) + (-12 - (5 + 5 + -23)) + 9?
-2
What is the value of 10 + -32 + -26 - -99 - 85?
-34
-28 - 2 - 6 - (-10 - (3 - -7))
-16
Calculate -11 + 0 + 9 + 8 - (20 - 11).
-3
What is the value of 3228 + -3213 + (15 - 0)?
30
Evaluate (40 - (20 - 2)) + -54.
-32
1 + -4 - (25 - (-40 - (-45 + 8)))
-31
Evaluate -55 + (33 - (-57 - -30)).
5
Evaluate (19 + 13 - 78) + (-18 - -10 - -4).
-50
Evaluate -14 + 10 + 7 - -36.
39
What is the value of 12 - (71 + -1 + (-16 + 46 - 20))?
-68
-34 + 0 + (-1125 - -1107)
-52
What is the value of -7 - (-20 - (6 - -18 - -10))?
47
What is the value of -158 + -1 - (-41 + 4) - 21?
-143
Evaluate (10 - -5 - ((-8 - -21) + 10 + 17)) + 11.
-14
-2 + (8 - 5 - (4 + 41)) + 0 + -8
-52
Calculate (-2 - 2 - 8) + (-3 - 3) + -10.
-28
Evaluate (-3 - ((41 - 3) + 2)) + -2 + -29 + 26.
-48
Evaluate -14 + -3 + 7 - (8 - (-12 - 3)).
-33
Evaluate 54 - (25 + (-2 - 18) + -13).
62
Calculate 6 + -73 + 1 + 0 - (-40 + (83 - 44)).
-65
What is (-1048 - -1029) + 29 + -1 - (-3 - 74)?
86
What is the value of 19 + (4 + -20 - (193 + -214))?
24
-1032 - -1010 - (2 + -20) - (0 - 59)
55
Evaluate (-44 - -2) + (7 + -6 + (-6 - 0) - -9).
-38
Calculate (8 - -2) + 1 - (4126 - 4170).
55
Evaluate -6 + (2 - 0) + -2 + 79 + (-37 - -19).
55
Calculate (-4 + 2 + 19 - (-1861 - -1891)